git of (-32)/(-40) + (-1)/(-5)?
1
Let h(t) = t**3 - 3*t**2 + 2*t. Let y be h(2). Suppose y*r = -5*r + 5. What is the units digit of r?
1
Let d(f) = -5*f + 1. What is the units digit of d(-4)?
1
Let u be 1/(2 - (-13)/(-7)). Suppose u*y + 18 = 10*y. What is the units digit of y?
6
Suppose 0*u = 2*u - 270. What is the tens digit of u?
3
What is the units digit of 3880/90 - (-2 - 19/(-9))?
3
Suppose z + r - 18 = 0, 8*z - 96 = 3*z + r. Suppose -z = -2*v + 5. What is the units digit of v?
2
Let r = -22 + 57. Let j = r - 23. What is the units digit of j?
2
Suppose -4*n = -6*n + 14. Suppose 2*p - 4 = -g, -g - n = -p - 2. Suppose l - 4*z - 18 = 0, -p*z - 10 = l - 0*z. What is the units digit of l?
2
Let q(p) = -5*p**2 + 3*p + 2. Let b be q(-2). Suppose 0 = 6*z - 2*z + 2*a + 56, 5*a = -2*z - 12. Let w = z - b. What is the units digit of w?
8
Suppose -3*t + 60 = 2*t. What is the tens digit of t?
1
Let r be (1 + 1)*(-2 - 0). Let x be (-2 - -3)/(-1) + r. Let j = -1 - x. What is the units digit of j?
4
Suppose b + b - 10 = 0. Suppose -t + 5*f + 13 = t, -4*f + 82 = b*t. What is the tens digit of t?
1
Let p(h) be the second derivative of -h**3/6 - h**2/2 + h. What is the units digit of p(-7)?
6
Let r(b) = -4 + 9 - 6*b - 5. What is the tens digit of r(-3)?
1
Suppose 3*k = -k - 5*h + 133, 5*k - 3*h - 194 = 0. What is the units digit of k?
7
Suppose -10*h = -8*h - 46. What is the units digit of h?
3
Let o(r) = 5*r**2 - 6*r - 9. What is the units digit of o(-4)?
5
What is the hundreds digit of -3*((-1952)/(-6))/(-8)?
1
Suppose 2*h - 4 = 3*k, 2*h = -4*k - 0*h + 18. Suppose u + k*u = 3. What is the units digit of u?
1
Let u(w) = -w - 6. Let n be u(-9). Suppose n*t + 2*t + 5*l = 50, -22 = -2*t - l. What is the tens digit of t?
1
Let n = -2 - -53. What is the units digit of n?
1
Let i = -8 + 8. Let o be 1*(-4 - -1) + i. What is the units digit of 1 - (-33)/o*-1?
2
Let r be (-44)/(-20) + (-2)/10. Suppose r*b + 25 = -3*b. Let o = b + 9. What is the units digit of o?
4
Let f = 9 + -6. Let m(b) = -b**3 + 3*b**2 + 2*b - 1. Let d be m(f). Suppose 4*n - 37 = -d*r, 4*r - 5 = -2*n + 27. What is the units digit of r?
9
Let g = 0 - 3. Let b be (-2)/(g/9 + 1). What is the units digit of (-98)/(-10) - b/15?
0
Suppose -3*m + 6*m = -33. Let b(j) = -j**3 + 5*j**2 - j + 3. Let y be b(5). Let f = y - m. What is the units digit of f?
9
Let o(q) = -1 - 5*q**3 - 2*q**3 + 0*q**2 - q**2 - 2*q**3 - 2*q. What is the units digit of o(-1)?
9
Let k(z) = z**2 - z - 6. Let f(n) = -n. Let v(b) = -3*f(b) - k(b). Let p be v(7). What is the tens digit of (p + 2)*-1*1?
1
Let w = -7 - -10. Suppose w*b = -4*u + 23, -b - 5*u = -3*b + 46. What is the units digit of b?
3
Let n = 225 + -129. What is the units digit of n?
6
Let m = -4 + 8. Let a(y) = 2*y**2 - 5*y + 4. Let f be a(m). Suppose f = -4*o, t = 2*t + 2*o. What is the units digit of t?
8
Let m = 11 + 4. What is the tens digit of m?
1
Let r = 9 - 5. Suppose 0 = -4*a + r*t + 56 - 8, -5*t = -2*a + 36. What is the units digit of a?
8
Let r(y) = -5*y**2 + y + 3. Let g(k) = -k**2 - k + 1. Let v(h) = 6*g(h) - r(h). Let s be v(-6). Let j = s + 0. What is the units digit of j?
9
Let m be 2/(-9) - (-102)/(-27). Let f = m + 10. Let j(b) = b**2 - 6*b + 4. What is the units digit of j(f)?
4
Let x = 280 - 100. What is the units digit of x?
0
Suppose a - 2 = 2*t, -10 = 4*t - 7*t - 5*a. Let r = 19 - t. What is the tens digit of r?
1
Let p(q) = -q**2 + 6*q - 8. Let j be p(6). Let f(b) = -b**2 - 10*b - 10. What is the units digit of f(j)?
6
Suppose -2*i - 4*v - 52 = -156, 0 = 3*i + 4*v - 160. What is the units digit of i?
6
Let g be -9*-1*(-2 + 3). Let w = 14 - g. Suppose 2*b = 4*b + r - w, -9 = -5*b + r. What is the units digit of b?
2
Suppose -3*p - p - 16 = 0. Let j = 4 + p. Suppose s - 2*s + 2 = j. What is the units digit of s?
2
Let b be (-25)/(-1) + -2 + 1. Let u = -14 + b. What is the units digit of u?
0
Let s = 10 + -25. What is the units digit of 6/4 + s/(-10)?
3
Suppose -m + 52 + 1 = 0. Let k = m + -32. What is the tens digit of k?
2
Let x = 11 + -6. Suppose -3*l - 10 = -x*l. Suppose 0 = -4*z - l*n + 15, -4*n + 21 - 81 = -4*z. What is the tens digit of z?
1
Let t(o) = -o + 2*o - 2 - 9. Let g be t(11). Suppose g*j = j - 8. What is the units digit of j?
8
Let o = 10 + -15. Let a(k) = -k**2 - 6*k - 4. Let n be a(o). Suppose -d + 5 = -n. What is the units digit of d?
6
Suppose -453 - 336 = -3*l. What is the hundreds digit of l?
2
Suppose 5 = -4*x + 25. Suppose 4*a - 24 = -2*g, 4*a - a - 58 = -4*g. Suppose k + g = x*k. What is the units digit of k?
4
Let o(d) = 5*d**2 + 4*d + 6. Let m(j) = -3*j**2 - 3*j - 4. Let c(y) = 8*m(y) + 5*o(y). Let g be c(5). What is the units digit of (g - -2) + 2/2?
6
Let b(i) = 4*i - 1. Let k be b(1). What is the units digit of k + 4/(-1 + -1)?
1
Let f(i) = i**3 - 8*i**2 - 5*i + 4. What is the units digit of f(9)?
0
Suppose 0*d = 4*d - 12. Suppose 6*j = h + d*j - 28, -h + 32 = -5*j. What is the units digit of h?
2
Let v(h) = 3*h + 13. Let w be v(-9). Let y = -2 - w. What is the units digit of y?
2
Let b = 30 - 7. What is the tens digit of b?
2
Let a = 61 - 29. What is the units digit of a?
2
What is the hundreds digit of (-46)/(-2)*(4 - 5)*-13?
2
Suppose u + 3*w = -16, -3*u + 3*w + 12 - 48 = 0. Let t = -8 - u. What is the units digit of t?
5
Let l = 3 - -2. Let k = 13 - l. What is the units digit of k?
8
Let r(w) = 27*w - 27. What is the hundreds digit of r(9)?
2
What is the tens digit of (-5)/(-1*2/4)?
1
Suppose 2 = 2*t - o - 64, -3*o + 187 = 5*t. What is the tens digit of t?
3
What is the units digit of (44/12 + -4)*-153?
1
Let x be 9*(-1 - (0 - 0)). Let b(t) = t**3 + 10*t**2 + 6*t + 13. What is the units digit of b(x)?
0
Let v(j) = 5*j + 6. Let n(o) = 5*o + 5. Let u(q) = 6*n(q) - 5*v(q). Let t be u(2). Let h = t + -1. What is the units digit of h?
9
Let a be (-382)/18 - (-10)/45. Let n = a + 34. What is the tens digit of n?
1
Suppose 0 = -3*c + 1 + 14. Let q(i) = 8*i - 2. What is the units digit of q(c)?
8
Let s = -20 - -39. Let x = s + -17. What is the units digit of x?
2
Let l = -5 - -9. Let t = l + 6. Suppose 2*g + 3*g = t. What is the units digit of g?
2
Suppose -2*o + 58 - 22 = 0. What is the units digit of o?
8
Suppose -4*d + 12 = -q, -q - 4*d + 16 = -4. Suppose q*w + 3 = 5*w. What is the units digit of w?
3
Let b(j) = j + 7. Let f be b(-8). Let k = f - -2. What is the units digit of k?
1
Suppose -109 = -4*i - h, 0 = -4*i - h - 2*h + 103. What is the units digit of i?
8
Let y = 16 - 11. Suppose -3*p + g = -17, g = 4*p + y*g - 28. What is the units digit of p?
6
Let t = 4 + -5. Let x = t - -4. What is the units digit of x?
3
Let r = 4 - 4. Let j = 0 + r. Let p(a) = a**2 + a + 8. What is the units digit of p(j)?
8
Let j(t) = -66*t**3 - 2*t**2 - 3*t - 2. What is the tens digit of j(-1)?
6
Suppose 3 = 3*s + 18. Let f = s - -6. What is the units digit of f?
1
Let p = 607 + -246. What is the tens digit of p?
6
Suppose 20 = 4*r - 2*r + 4*g, 0 = -4*r + 4*g + 64. What is the tens digit of r?
1
Let x = 223 + -144. What is the units digit of x?
9
What is the units digit of 210/12*16/10?
8
Let h(x) = -17*x**3 + 2*x**2 + x. Let b be h(-1). Suppose -5*q + 93 = b. What is the tens digit of q?
1
Let h(q) be the first derivative of -q**2/2 + q - 3. Let p be h(-2). Suppose -6*v + 27 = -p*v. What is the units digit of v?
9
Let y(q) = 6*q**3 - 3*q**3 - 19*q + 19 - 2 - 11*q**2. Let v(p) = 2*p**3 - 5*p**2 - 10*p + 9. Let s(k) = -5*v(k) + 3*y(k). What is the units digit of s(-7)?
6
Let i = 5 + -1. Let y = i + 10. What is the tens digit of y?
1
Let d be -4 - -10 - 1*-3. What is the units digit of (d + 1)*1 + -2?
8
Let g(o) = -o**2 + 16*o + 13. What is the units digit of g(16)?
3
Let u(j) be the second derivative of j**4/12 + 5*j**3/3 + 5*j**2 - 3*j. Let l be u(-8). What is the units digit of l/(-3) + 4 - -1?
7
Let i(d) = 2*d**3 - 9*d**2 + 2*d + 6. Let h(u) = u**3 - 8*u**2 + 3*u + 6. Let q(c) = -3*h(c) + 2*i(c). What is the units digit of q(-6)?
4
Let m be (-3)/(0 - (-12)/8). What is the tens digit of m/(-8) - (-142)/8?
1
Let f = -20 + 10. What is the tens digit of 10 + f + 16 + -1?
1
Suppose 2*s - 7 = 1. Suppose l + 13 - 42 = -s*m, 48 = 3*l - m. What is the units digit of l?
7
Let m(d) = -22*d**2 + d. Let r be m(1). Let n be 28/6 + 14/r. What i